{"id":55,"date":"2016-10-06T22:32:22","date_gmt":"2016-10-06T20:32:22","guid":{"rendered":"http:\/\/neumarkt-photo.de\/?page_id=55"},"modified":"2016-10-08T18:31:54","modified_gmt":"2016-10-08T16:31:54","slug":"romo","status":"publish","type":"page","link":"https:\/\/neumarkt-photo.de\/?page_id=55","title":{"rendered":"R\u00f8m\u00f8 &#8211; D\u00e4nen l\u00fcgen nicht&#8230;"},"content":{"rendered":"<h3>D\u00e4nen l\u00fcgen nicht&#8230;<\/h3>\n<p>Dieses Zitat aus einem Klassiker von Otto Waalkes war eindeutig nicht der Ausl\u00f6ser f\u00fcr einen Urlaub auf R\u00f8m\u00f8. Die Insel liegt 6 Kilometer n\u00f6rdlich von Sylt. Sie ist damit die s\u00fcdlichste d\u00e4nische Nordseeinsel und geh\u00f6rt zu den d\u00e4nischen Wattenmeer Inseln.<\/p>\n<p>Die Insel hat etwa 650 Einwohner und ist mit dem Festland verbunden \u00fcber den sogenannten R\u00f8m\u00f8-Damm. R\u00f8m\u00f8, das 1190 erstmals schriftlich erw\u00e4hnt wurde, geh\u00f6rte zwischen 1864 und 1920 zu Schleswig Holstein. In einer Volksabstimmung entschieden sich die Bewohner aber f\u00fcr eine Zugeh\u00f6rigkeit zu D\u00e4nemark.<\/p>\n<p><img loading=\"lazy\" decoding=\"async\" class=\"alignleft size-medium wp-image-208\" src=\"http:\/\/neumarkt-photo.de\/wp-content\/uploads\/RB_R-24-300x200.jpg\" alt=\"\" width=\"300\" height=\"200\" \/>Im 17. Und 18. Jahrhundert gelangte die Insel durch den Walfang zu Reichtum und einer gewissen Ber\u00fchmtheit. In den Walfangflotten der damaligen Zeit waren ca. 40 Kapit\u00e4ne von Walf\u00e4ngern (auch Kommandeure genannt) t\u00e4tig, die von der Insel R\u00f8m\u00f8 stammten. Von dieser Zeit zeugt auf dem Friedhof der Insel ein Gr\u00e4berbereich, wo diese M\u00e4nner ihre letzte Ruhe fanden. Aufw\u00e4ndig gestaltete Grabsteine (sog. Kommandeur Steine) zeugen noch vom damaligen Reichtum.<br \/>\nR\u00f8m\u00f8 bietet einige Sehensw\u00fcrdigkeiten von \u00fcberregionaler Bedeutung.<\/p>\n<p>Der Kommand\u00f8rg\u00e5rden (&#8222;Kommandeurshof&#8220;) ist einer der alten, reichen Erbh\u00f6fe R\u00f8m\u00f8\u2018s und wurde lange Zeit vom Amtsvorsteher der Insel bewohnt. Der Kommandeurshof ist heute einer der Standorte des d\u00e4nischen Nationalmuseums. S\u00fcdlich davon befindet sich als Teil des Standortes die Toftum Skole, die kleinste und \u00e4lteste Schule D\u00e4nemarks.<\/p>\n<p>Die R\u00f8m\u00f8 Kirke, aus dem Jahr 1200, ausgebaut im 17. und 18. Jahrhundert, ist dem Schutzheiligen der Seefahrer Sankt Clemens geweiht. In ihrem Inneren gibt es mehrere kostbare Votivschiffe.<\/p>\n<p><img loading=\"lazy\" decoding=\"async\" class=\"alignleft size-medium wp-image-202\" src=\"http:\/\/neumarkt-photo.de\/wp-content\/uploads\/RB_R-17-300x200.jpg\" alt=\"\" width=\"300\" height=\"200\" srcset=\"https:\/\/neumarkt-photo.de\/wp-content\/uploads\/RB_R-17-300x200.jpg 300w, https:\/\/neumarkt-photo.de\/wp-content\/uploads\/RB_R-17-768x512.jpg 768w, https:\/\/neumarkt-photo.de\/wp-content\/uploads\/RB_R-17-845x563.jpg 845w, https:\/\/neumarkt-photo.de\/wp-content\/uploads\/RB_R-17-624x416.jpg 624w\" sizes=\"(max-width: 300px) 100vw, 300px\" \/>Jedes Jahr findet am ersten Wochenende im September ein internationales Drachenfestival statt, bei dem mehr als 1.000 Drachen steigen. Da der Strand von R\u00f8m\u00f8 mit dem Auto befahrbar ist, k\u00f6nnen die Drachen am Auto befestigt werden.<\/p>\n<p>Die regionale K\u00fcche ist gepr\u00e4gt von Fisch und Meeresfr\u00fcchten, die von den d\u00e4nischen und norwegischen Meeren nach Havneby gelangen. Eine Spezialit\u00e4t der Insel ist ferner Lammfleisch von am Deich grasenden L\u00e4mmern. Typisch f\u00fcr die Insel ist die d\u00e4nische und regionale s\u00fcdj\u00fctische K\u00fcche.<\/p>\n<p>Es gibt auf R\u00f8m\u00f8 kaum Hotels. Hier hat quasi das d\u00e4nische Ferienhaus seinen Ursprung. Zun\u00e4chst den Reichen und Adeligen vorbehalten, so kamen durch einige Reformen in D\u00e4nemark (Urlaub f\u00fcr die arbeitende Bev\u00f6lkerung u. a.) jeder in den Genuss, Freizeit \u00fcber einen l\u00e4ngeren Zeitraum am St\u00fcck zu besitzen. Und die wollte zur Erholung genutzt werden. Was f\u00fcr die vornehme Gesellschaft recht war, das war der Arbeiterklasse billig, und so errichteten sich Arbeiter und deren Familien ihre Ferienh\u00e4user. Und diese stellten sie dann auch Anderen zur Verf\u00fcgung. So entstand in ersten Ans\u00e4tzen das Konzept des d\u00e4nischen Ferienhauses.<\/p>\n<p>D\u00e4nen sind \u00fcberhaupt ein interessantes V\u00f6lkchen. Meist wird das vertrauliche &#8222;Du&#8220; bei der Anrede gepflegt. Man begegnet sich auf Augenh\u00f6he und ist offen und locker im Umgang miteinander. Das &#8222;Sie&#8220; galt lange als hochn\u00e4sig und eingebildet und gewinnt erst langsam eine \u00e4hnliche Bedeutung wie bei uns &#8211; meist jedoch begrenzt auf den gesch\u00e4ftlichen Bereich. Oft wird sich in D\u00e4nemark \u00fcber alle Ebenen hinweg geduzt. Auf Augenh\u00f6he eben.<\/p>\n<p>Die Offenheit zeigt sich auch in einer anderen Gegebenheit. Die Steuererkl\u00e4rungen der B\u00fcrger sind \u00f6ffentlich einsehbar. Sie liegen in den jeweiligen \u00c4mtern zur Einsichtnahme bereit. Jeder darf erfahren, was man selbst verdient.<\/p>\n<p>Das Wetter auf R\u00f8m\u00f8 ist meist schnell wechselnd. Wir waren Ende August bis Anfang September auf der Insel. Es wehte meist ein leichter Wind. Regenphasen waren meist nur kurz und sp\u00e4testens nach einer halben Stunde vom Winde verweht.<\/p>\n<p>Es gibt eine F\u00e4hrverbindung nach Sylt, die sich f\u00fcr einen Tagesausflug in jedem Fall lohnt. Allerdings hat uns auf Sylt ein regelrechter Kulturschock getroffen. Auf R\u00f8m\u00f8 ist alles frei zug\u00e4nglich und kostenlos. Sylt hingegen pr\u00e4sentiert sich in diesem Punkt eher aus der anderen Richtung. Zug\u00e4nge zu den Str\u00e4nden waren mit Schranken vergittert und nur gegen Einwurf nicht unerheblicher kleiner M\u00fcnzen war man bereit, diese Schranken zu \u00f6ffnen.<\/p>\n<p style=\"text-align: left;\">Zur\u00fcck auf R\u00f8m\u00f8 haben wir regelrecht aufgeatmet, diesem touristischen Aspekt wieder entronnen zu sein. Dann lieber an der Imbissbude im Hafen von Havneby ein Br\u00f6tchen extra mit fangfrischen Krabben. Und schmatzend feststellen: Alles was uns die Einwohner von R\u00f8m\u00f8 so zu ihrer Insel erz\u00e4hlt haben, hat gestimmt &#8211; die Ruhe zu dieser Zeit auf der Insel &#8211; die langen Spazierg\u00e4nge am Strand &#8211; das Wandern im Watt &#8211; die Freundlichkeit der Menschen. Alles war so, wie versprochen.<\/p>\n\n\t\t<style type=\"text\/css\">\n\t\t\t#gallery-1 {\n\t\t\t\tmargin: auto;\n\t\t\t}\n\t\t\t#gallery-1 .gallery-item {\n\t\t\t\tfloat: left;\n\t\t\t\tmargin-top: 10px;\n\t\t\t\ttext-align: center;\n\t\t\t\twidth: 33%;\n\t\t\t}\n\t\t\t#gallery-1 img {\n\t\t\t\tborder: 2px solid #cfcfcf;\n\t\t\t}\n\t\t\t#gallery-1 .gallery-caption {\n\t\t\t\tmargin-left: 0;\n\t\t\t}\n\t\t\t\/* see gallery_shortcode() in wp-includes\/media.php *\/\n\t\t<\/style>\n\t\t<div id='gallery-1' class='gallery galleryid-55 gallery-columns-3 gallery-size-medium'><dl class='gallery-item'>\n\t\t\t<dt class='gallery-icon landscape'>\n\t\t\t\t<a href='https:\/\/neumarkt-photo.de\/?attachment_id=203'><img loading=\"lazy\" decoding=\"async\" width=\"300\" height=\"200\" src=\"https:\/\/neumarkt-photo.de\/wp-content\/uploads\/RB_R-3-300x200.jpg\" class=\"attachment-medium size-medium\" alt=\"\" srcset=\"https:\/\/neumarkt-photo.de\/wp-content\/uploads\/RB_R-3-300x200.jpg 300w, https:\/\/neumarkt-photo.de\/wp-content\/uploads\/RB_R-3-768x512.jpg 768w, https:\/\/neumarkt-photo.de\/wp-content\/uploads\/RB_R-3-845x563.jpg 845w, https:\/\/neumarkt-photo.de\/wp-content\/uploads\/RB_R-3-624x416.jpg 624w\" sizes=\"(max-width: 300px) 100vw, 300px\" \/><\/a>\n\t\t\t<\/dt><\/dl><dl class='gallery-item'>\n\t\t\t<dt class='gallery-icon landscape'>\n\t\t\t\t<a href='https:\/\/neumarkt-photo.de\/?attachment_id=204'><img loading=\"lazy\" decoding=\"async\" width=\"300\" height=\"200\" src=\"https:\/\/neumarkt-photo.de\/wp-content\/uploads\/RB_R-12-300x200.jpg\" class=\"attachment-medium size-medium\" alt=\"\" srcset=\"https:\/\/neumarkt-photo.de\/wp-content\/uploads\/RB_R-12-300x200.jpg 300w, https:\/\/neumarkt-photo.de\/wp-content\/uploads\/RB_R-12-768x512.jpg 768w, https:\/\/neumarkt-photo.de\/wp-content\/uploads\/RB_R-12-845x563.jpg 845w, https:\/\/neumarkt-photo.de\/wp-content\/uploads\/RB_R-12-624x416.jpg 624w\" sizes=\"(max-width: 300px) 100vw, 300px\" \/><\/a>\n\t\t\t<\/dt><\/dl><dl class='gallery-item'>\n\t\t\t<dt class='gallery-icon landscape'>\n\t\t\t\t<a href='https:\/\/neumarkt-photo.de\/?attachment_id=205'><img loading=\"lazy\" decoding=\"async\" width=\"300\" height=\"200\" src=\"https:\/\/neumarkt-photo.de\/wp-content\/uploads\/RB_R-19-300x200.jpg\" class=\"attachment-medium size-medium\" alt=\"\" srcset=\"https:\/\/neumarkt-photo.de\/wp-content\/uploads\/RB_R-19-300x200.jpg 300w, https:\/\/neumarkt-photo.de\/wp-content\/uploads\/RB_R-19-768x512.jpg 768w, https:\/\/neumarkt-photo.de\/wp-content\/uploads\/RB_R-19-845x563.jpg 845w, https:\/\/neumarkt-photo.de\/wp-content\/uploads\/RB_R-19-624x416.jpg 624w\" sizes=\"(max-width: 300px) 100vw, 300px\" \/><\/a>\n\t\t\t<\/dt><\/dl><br style=\"clear: both\" \/>\n\t\t<\/div>\n\n<p style=\"text-align: right;\"><a href=\"http:\/\/neumarkt-photo.de\/?page_id=157\">zur Bildergalerie&#8230;<\/a><\/p>\n","protected":false},"excerpt":{"rendered":"<p>D\u00e4nen l\u00fcgen nicht&#8230; Dieses Zitat aus einem Klassiker von Otto Waalkes war eindeutig nicht der Ausl\u00f6ser f\u00fcr einen Urlaub auf R\u00f8m\u00f8. Die Insel liegt 6 Kilometer n\u00f6rdlich von Sylt. Sie ist damit die s\u00fcdlichste d\u00e4nische Nordseeinsel und geh\u00f6rt zu den d\u00e4nischen Wattenmeer Inseln. Die Insel hat etwa 650 Einwohner und ist mit dem Festland verbunden [&hellip;]<\/p>\n","protected":false},"author":1,"featured_media":0,"parent":13,"menu_order":0,"comment_status":"closed","ping_status":"closed","template":"page-templates\/front-page.php","meta":{"footnotes":""},"_links":{"self":[{"href":"https:\/\/neumarkt-photo.de\/index.php?rest_route=\/wp\/v2\/pages\/55"}],"collection":[{"href":"https:\/\/neumarkt-photo.de\/index.php?rest_route=\/wp\/v2\/pages"}],"about":[{"href":"https:\/\/neumarkt-photo.de\/index.php?rest_route=\/wp\/v2\/types\/page"}],"author":[{"embeddable":true,"href":"https:\/\/neumarkt-photo.de\/index.php?rest_route=\/wp\/v2\/users\/1"}],"replies":[{"embeddable":true,"href":"https:\/\/neumarkt-photo.de\/index.php?rest_route=%2Fwp%2Fv2%2Fcomments&post=55"}],"version-history":[{"count":11,"href":"https:\/\/neumarkt-photo.de\/index.php?rest_route=\/wp\/v2\/pages\/55\/revisions"}],"predecessor-version":[{"id":211,"href":"https:\/\/neumarkt-photo.de\/index.php?rest_route=\/wp\/v2\/pages\/55\/revisions\/211"}],"up":[{"embeddable":true,"href":"https:\/\/neumarkt-photo.de\/index.php?rest_route=\/wp\/v2\/pages\/13"}],"wp:attachment":[{"href":"https:\/\/neumarkt-photo.de\/index.php?rest_route=%2Fwp%2Fv2%2Fmedia&parent=55"}],"curies":[{"name":"wp","href":"https:\/\/api.w.org\/{rel}","templated":true}]}}

Rømø &#8211; Dänen lügen nicht&#8230;

<h3>Dänen lügen nicht&#8230;</h3>
<p>Dieses Zitat aus einem Klassiker von Otto Waalkes war eindeutig nicht der Auslöser für einen Urlaub auf Rømø. Die Insel liegt 6 Kilometer nördlich von Sylt. Sie ist damit die südlichste dänische Nordseeinsel und gehört zu den dänischen Wattenmeer Inseln.</p>
<p>Die Insel hat etwa 650 Einwohner und ist mit dem Festland verbunden über den sogenannten Rømø-Damm. Rømø, das 1190 erstmals schriftlich erwähnt wurde, gehörte zwischen 1864 und 1920 zu Schleswig Holstein. In einer Volksabstimmung entschieden sich die Bewohner aber für eine Zugehörigkeit zu Dänemark.</p>
<p><img loading="lazy" decoding="async" class="alignleft size-medium wp-image-208" src="http://neumarkt-photo.de/wp-content/uploads/RB_R-24-300x200.jpg" alt="" width="300" height="200" />Im 17. Und 18. Jahrhundert gelangte die Insel durch den Walfang zu Reichtum und einer gewissen Berühmtheit. In den Walfangflotten der damaligen Zeit waren ca. 40 Kapitäne von Walfängern (auch Kommandeure genannt) tätig, die von der Insel Rømø stammten. Von dieser Zeit zeugt auf dem Friedhof der Insel ein Gräberbereich, wo diese Männer ihre letzte Ruhe fanden. Aufwändig gestaltete Grabsteine (sog. Kommandeur Steine) zeugen noch vom damaligen Reichtum.<br />
Rømø bietet einige Sehenswürdigkeiten von überregionaler Bedeutung.</p>
<p>Der Kommandørgården (&#8222;Kommandeurshof&#8220;) ist einer der alten, reichen Erbhöfe Rømø‘s und wurde lange Zeit vom Amtsvorsteher der Insel bewohnt. Der Kommandeurshof ist heute einer der Standorte des dänischen Nationalmuseums. Südlich davon befindet sich als Teil des Standortes die Toftum Skole, die kleinste und älteste Schule Dänemarks.</p>
<p>Die Rømø Kirke, aus dem Jahr 1200, ausgebaut im 17. und 18. Jahrhundert, ist dem Schutzheiligen der Seefahrer Sankt Clemens geweiht. In ihrem Inneren gibt es mehrere kostbare Votivschiffe.</p>
<p><img loading="lazy" decoding="async" class="alignleft size-medium wp-image-202" src="http://neumarkt-photo.de/wp-content/uploads/RB_R-17-300x200.jpg" alt="" width="300" height="200" srcset="https://neumarkt-photo.de/wp-content/uploads/RB_R-17-300x200.jpg 300w, https://neumarkt-photo.de/wp-content/uploads/RB_R-17-768x512.jpg 768w, https://neumarkt-photo.de/wp-content/uploads/RB_R-17-845x563.jpg 845w, https://neumarkt-photo.de/wp-content/uploads/RB_R-17-624x416.jpg 624w" sizes="(max-width: 300px) 100vw, 300px" />Jedes Jahr findet am ersten Wochenende im September ein internationales Drachenfestival statt, bei dem mehr als 1.000 Drachen steigen. Da der Strand von Rømø mit dem Auto befahrbar ist, können die Drachen am Auto befestigt werden.</p>
<p>Die regionale Küche ist geprägt von Fisch und Meeresfrüchten, die von den dänischen und norwegischen Meeren nach Havneby gelangen. Eine Spezialität der Insel ist ferner Lammfleisch von am Deich grasenden Lämmern. Typisch für die Insel ist die dänische und regionale südjütische Küche.</p>
<p>Es gibt auf Rømø kaum Hotels. Hier hat quasi das dänische Ferienhaus seinen Ursprung. Zunächst den Reichen und Adeligen vorbehalten, so kamen durch einige Reformen in Dänemark (Urlaub für die arbeitende Bevölkerung u. a.) jeder in den Genuss, Freizeit über einen längeren Zeitraum am Stück zu besitzen. Und die wollte zur Erholung genutzt werden. Was für die vornehme Gesellschaft recht war, das war der Arbeiterklasse billig, und so errichteten sich Arbeiter und deren Familien ihre Ferienhäuser. Und diese stellten sie dann auch Anderen zur Verfügung. So entstand in ersten Ansätzen das Konzept des dänischen Ferienhauses.</p>
<p>Dänen sind überhaupt ein interessantes Völkchen. Meist wird das vertrauliche &#8222;Du&#8220; bei der Anrede gepflegt. Man begegnet sich auf Augenhöhe und ist offen und locker im Umgang miteinander. Das &#8222;Sie&#8220; galt lange als hochnäsig und eingebildet und gewinnt erst langsam eine ähnliche Bedeutung wie bei uns &#8211; meist jedoch begrenzt auf den geschäftlichen Bereich. Oft wird sich in Dänemark über alle Ebenen hinweg geduzt. Auf Augenhöhe eben.</p>
<p>Die Offenheit zeigt sich auch in einer anderen Gegebenheit. Die Steuererklärungen der Bürger sind öffentlich einsehbar. Sie liegen in den jeweiligen Ämtern zur Einsichtnahme bereit. Jeder darf erfahren, was man selbst verdient.</p>
<p>Das Wetter auf Rømø ist meist schnell wechselnd. Wir waren Ende August bis Anfang September auf der Insel. Es wehte meist ein leichter Wind. Regenphasen waren meist nur kurz und spätestens nach einer halben Stunde vom Winde verweht.</p>
<p>Es gibt eine Fährverbindung nach Sylt, die sich für einen Tagesausflug in jedem Fall lohnt. Allerdings hat uns auf Sylt ein regelrechter Kulturschock getroffen. Auf Rømø ist alles frei zugänglich und kostenlos. Sylt hingegen präsentiert sich in diesem Punkt eher aus der anderen Richtung. Zugänge zu den Stränden waren mit Schranken vergittert und nur gegen Einwurf nicht unerheblicher kleiner Münzen war man bereit, diese Schranken zu öffnen.</p>
<p style="text-align: left;">Zurück auf Rømø haben wir regelrecht aufgeatmet, diesem touristischen Aspekt wieder entronnen zu sein. Dann lieber an der Imbissbude im Hafen von Havneby ein Brötchen extra mit fangfrischen Krabben. Und schmatzend feststellen: Alles was uns die Einwohner von Rømø so zu ihrer Insel erzählt haben, hat gestimmt &#8211; die Ruhe zu dieser Zeit auf der Insel &#8211; die langen Spaziergänge am Strand &#8211; das Wandern im Watt &#8211; die Freundlichkeit der Menschen. Alles war so, wie versprochen.</p>

		<style type="text/css">
			#gallery-1 {
				margin: auto;
			}
			#gallery-1 .gallery-item {
				float: left;
				margin-top: 10px;
				text-align: center;
				width: 33%;
			}
			#gallery-1 img {
				border: 2px solid #cfcfcf;
			}
			#gallery-1 .gallery-caption {
				margin-left: 0;
			}
			/* see gallery_shortcode() in wp-includes/media.php */
		</style>
		<div id='gallery-1' class='gallery galleryid-55 gallery-columns-3 gallery-size-medium'><dl class='gallery-item'>
			<dt class='gallery-icon landscape'>
				<a href='https://neumarkt-photo.de/?attachment_id=203'><img loading="lazy" decoding="async" width="300" height="200" src="https://neumarkt-photo.de/wp-content/uploads/RB_R-3-300x200.jpg" class="attachment-medium size-medium" alt="" srcset="https://neumarkt-photo.de/wp-content/uploads/RB_R-3-300x200.jpg 300w, https://neumarkt-photo.de/wp-content/uploads/RB_R-3-768x512.jpg 768w, https://neumarkt-photo.de/wp-content/uploads/RB_R-3-845x563.jpg 845w, https://neumarkt-photo.de/wp-content/uploads/RB_R-3-624x416.jpg 624w" sizes="(max-width: 300px) 100vw, 300px" /></a>
			</dt></dl><dl class='gallery-item'>
			<dt class='gallery-icon landscape'>
				<a href='https://neumarkt-photo.de/?attachment_id=204'><img loading="lazy" decoding="async" width="300" height="200" src="https://neumarkt-photo.de/wp-content/uploads/RB_R-12-300x200.jpg" class="attachment-medium size-medium" alt="" srcset="https://neumarkt-photo.de/wp-content/uploads/RB_R-12-300x200.jpg 300w, https://neumarkt-photo.de/wp-content/uploads/RB_R-12-768x512.jpg 768w, https://neumarkt-photo.de/wp-content/uploads/RB_R-12-845x563.jpg 845w, https://neumarkt-photo.de/wp-content/uploads/RB_R-12-624x416.jpg 624w" sizes="(max-width: 300px) 100vw, 300px" /></a>
			</dt></dl><dl class='gallery-item'>
			<dt class='gallery-icon landscape'>
				<a href='https://neumarkt-photo.de/?attachment_id=205'><img loading="lazy" decoding="async" width="300" height="200" src="https://neumarkt-photo.de/wp-content/uploads/RB_R-19-300x200.jpg" class="attachment-medium size-medium" alt="" srcset="https://neumarkt-photo.de/wp-content/uploads/RB_R-19-300x200.jpg 300w, https://neumarkt-photo.de/wp-content/uploads/RB_R-19-768x512.jpg 768w, https://neumarkt-photo.de/wp-content/uploads/RB_R-19-845x563.jpg 845w, https://neumarkt-photo.de/wp-content/uploads/RB_R-19-624x416.jpg 624w" sizes="(max-width: 300px) 100vw, 300px" /></a>
			</dt></dl><br style="clear: both" />
		</div>

<p style="text-align: right;"><a href="http://neumarkt-photo.de/?page_id=157">zur Bildergalerie&#8230;</a></p>

<p>Dänen lügen nicht&#8230; Dieses Zitat aus einem Klassiker von Otto Waalkes war eindeutig nicht der Auslöser für einen Urlaub auf Rømø. Die Insel liegt 6 Kilometer nördlich von Sylt. Sie ist damit die südlichste dänische Nordseeinsel und gehört zu den dänischen Wattenmeer Inseln. Die Insel hat etwa 650 Einwohner und ist mit dem Festland verbunden [&hellip;]</p>
