{"id":11,"date":"2016-10-04T19:48:53","date_gmt":"2016-10-04T19:48:53","guid":{"rendered":"http:\/\/neumarkt-photo.de\/?page_id=11"},"modified":"2019-03-14T14:23:34","modified_gmt":"2019-03-14T12:23:34","slug":"ueber-uns","status":"publish","type":"page","link":"https:\/\/neumarkt-photo.de\/","title":{"rendered":"\u00dcber uns&#8230;"},"content":{"rendered":"<h3 style=\"text-align: center;\">Die Augen der Fotografen geh\u00f6ren zu J\u00fcrgen und Susanne<\/h3>\n\n\t\t<style type=\"text\/css\">\n\t\t\t#gallery-1 {\n\t\t\t\tmargin: auto;\n\t\t\t}\n\t\t\t#gallery-1 .gallery-item {\n\t\t\t\tfloat: left;\n\t\t\t\tmargin-top: 10px;\n\t\t\t\ttext-align: center;\n\t\t\t\twidth: 50%;\n\t\t\t}\n\t\t\t#gallery-1 img {\n\t\t\t\tborder: 2px solid #cfcfcf;\n\t\t\t}\n\t\t\t#gallery-1 .gallery-caption {\n\t\t\t\tmargin-left: 0;\n\t\t\t}\n\t\t\t\/* see gallery_shortcode() in wp-includes\/media.php *\/\n\t\t<\/style>\n\t\t<div id='gallery-1' class='gallery galleryid-11 gallery-columns-2 gallery-size-thumbnail'><dl class='gallery-item'>\n\t\t\t<dt class='gallery-icon landscape'>\n\t\t\t\t<a href='https:\/\/neumarkt-photo.de\/?attachment_id=617'><img loading=\"lazy\" decoding=\"async\" width=\"150\" height=\"150\" src=\"https:\/\/neumarkt-photo.de\/wp-content\/uploads\/P-20-150x150.jpg\" class=\"attachment-thumbnail size-thumbnail\" alt=\"\" srcset=\"https:\/\/neumarkt-photo.de\/wp-content\/uploads\/P-20-150x150.jpg 150w, https:\/\/neumarkt-photo.de\/wp-content\/uploads\/P-20-300x300.jpg 300w, https:\/\/neumarkt-photo.de\/wp-content\/uploads\/P-20-768x768.jpg 768w, https:\/\/neumarkt-photo.de\/wp-content\/uploads\/P-20-845x845.jpg 845w, https:\/\/neumarkt-photo.de\/wp-content\/uploads\/P-20-624x624.jpg 624w\" sizes=\"(max-width: 150px) 100vw, 150px\" \/><\/a>\n\t\t\t<\/dt><\/dl><dl class='gallery-item'>\n\t\t\t<dt class='gallery-icon landscape'>\n\t\t\t\t<a href='https:\/\/neumarkt-photo.de\/?attachment_id=618'><img loading=\"lazy\" decoding=\"async\" width=\"150\" height=\"150\" src=\"https:\/\/neumarkt-photo.de\/wp-content\/uploads\/P-21-150x150.jpg\" class=\"attachment-thumbnail size-thumbnail\" alt=\"\" srcset=\"https:\/\/neumarkt-photo.de\/wp-content\/uploads\/P-21-150x150.jpg 150w, https:\/\/neumarkt-photo.de\/wp-content\/uploads\/P-21-300x300.jpg 300w, https:\/\/neumarkt-photo.de\/wp-content\/uploads\/P-21-768x768.jpg 768w, https:\/\/neumarkt-photo.de\/wp-content\/uploads\/P-21-845x845.jpg 845w, https:\/\/neumarkt-photo.de\/wp-content\/uploads\/P-21-624x624.jpg 624w, https:\/\/neumarkt-photo.de\/wp-content\/uploads\/P-21.jpg 1012w\" sizes=\"(max-width: 150px) 100vw, 150px\" \/><\/a>\n\t\t\t<\/dt><\/dl><br style=\"clear: both\" \/>\n\t\t<\/div>\n\n<p style=\"text-align: left;\">Mit unseren analogen und digitalen Kameras KIEV 88CM, Canon EOS 1D und Canon EOS 70D und diversem Zubeh\u00f6ren reisen wir durch die nahe und die weite Welt.<\/p>\n<p style=\"text-align: left;\">Neben der Landschaft fotografieren wir Portraits und spontan das, was uns vor die Linse kommt und uns inspiriert.<\/p>\n<p style=\"text-align: left;\">Wieder zu Hause entstehen dann Reiseberichte, Fotogalerien und Fotob\u00fccher.<\/p>\n<p style=\"text-align: right;\">Kommt mit auf eine Bilderreportage&#8230;!<\/p>\n","protected":false},"excerpt":{"rendered":"<p>Die Augen der Fotografen geh\u00f6ren zu J\u00fcrgen und Susanne Mit unseren analogen und digitalen Kameras KIEV 88CM, Canon EOS 1D und Canon EOS 70D und diversem Zubeh\u00f6ren reisen wir durch die nahe und die weite Welt. Neben der Landschaft fotografieren wir Portraits und spontan das, was uns vor die Linse kommt und uns inspiriert. Wieder [&hellip;]<\/p>\n","protected":false},"author":1,"featured_media":0,"parent":0,"menu_order":0,"comment_status":"closed","ping_status":"closed","template":"","meta":{"footnotes":""},"_links":{"self":[{"href":"https:\/\/neumarkt-photo.de\/index.php?rest_route=\/wp\/v2\/pages\/11"}],"collection":[{"href":"https:\/\/neumarkt-photo.de\/index.php?rest_route=\/wp\/v2\/pages"}],"about":[{"href":"https:\/\/neumarkt-photo.de\/index.php?rest_route=\/wp\/v2\/types\/page"}],"author":[{"embeddable":true,"href":"https:\/\/neumarkt-photo.de\/index.php?rest_route=\/wp\/v2\/users\/1"}],"replies":[{"embeddable":true,"href":"https:\/\/neumarkt-photo.de\/index.php?rest_route=%2Fwp%2Fv2%2Fcomments&post=11"}],"version-history":[{"count":10,"href":"https:\/\/neumarkt-photo.de\/index.php?rest_route=\/wp\/v2\/pages\/11\/revisions"}],"predecessor-version":[{"id":619,"href":"https:\/\/neumarkt-photo.de\/index.php?rest_route=\/wp\/v2\/pages\/11\/revisions\/619"}],"wp:attachment":[{"href":"https:\/\/neumarkt-photo.de\/index.php?rest_route=%2Fwp%2Fv2%2Fmedia&parent=11"}],"curies":[{"name":"wp","href":"https:\/\/api.w.org\/{rel}","templated":true}]}}

Über uns&#8230;

<h3 style="text-align: center;">Die Augen der Fotografen gehören zu Jürgen und Susanne</h3>

		<style type="text/css">
			#gallery-1 {
				margin: auto;
			}
			#gallery-1 .gallery-item {
				float: left;
				margin-top: 10px;
				text-align: center;
				width: 50%;
			}
			#gallery-1 img {
				border: 2px solid #cfcfcf;
			}
			#gallery-1 .gallery-caption {
				margin-left: 0;
			}
			/* see gallery_shortcode() in wp-includes/media.php */
		</style>
		<div id='gallery-1' class='gallery galleryid-11 gallery-columns-2 gallery-size-thumbnail'><dl class='gallery-item'>
			<dt class='gallery-icon landscape'>
				<a href='https://neumarkt-photo.de/?attachment_id=617'><img loading="lazy" decoding="async" width="150" height="150" src="https://neumarkt-photo.de/wp-content/uploads/P-20-150x150.jpg" class="attachment-thumbnail size-thumbnail" alt="" srcset="https://neumarkt-photo.de/wp-content/uploads/P-20-150x150.jpg 150w, https://neumarkt-photo.de/wp-content/uploads/P-20-300x300.jpg 300w, https://neumarkt-photo.de/wp-content/uploads/P-20-768x768.jpg 768w, https://neumarkt-photo.de/wp-content/uploads/P-20-845x845.jpg 845w, https://neumarkt-photo.de/wp-content/uploads/P-20-624x624.jpg 624w" sizes="(max-width: 150px) 100vw, 150px" /></a>
			</dt></dl><dl class='gallery-item'>
			<dt class='gallery-icon landscape'>
				<a href='https://neumarkt-photo.de/?attachment_id=618'><img loading="lazy" decoding="async" width="150" height="150" src="https://neumarkt-photo.de/wp-content/uploads/P-21-150x150.jpg" class="attachment-thumbnail size-thumbnail" alt="" srcset="https://neumarkt-photo.de/wp-content/uploads/P-21-150x150.jpg 150w, https://neumarkt-photo.de/wp-content/uploads/P-21-300x300.jpg 300w, https://neumarkt-photo.de/wp-content/uploads/P-21-768x768.jpg 768w, https://neumarkt-photo.de/wp-content/uploads/P-21-845x845.jpg 845w, https://neumarkt-photo.de/wp-content/uploads/P-21-624x624.jpg 624w, https://neumarkt-photo.de/wp-content/uploads/P-21.jpg 1012w" sizes="(max-width: 150px) 100vw, 150px" /></a>
			</dt></dl><br style="clear: both" />
		</div>

<p style="text-align: left;">Mit unseren analogen und digitalen Kameras KIEV 88CM, Canon EOS 1D und Canon EOS 70D und diversem Zubehören reisen wir durch die nahe und die weite Welt.</p>
<p style="text-align: left;">Neben der Landschaft fotografieren wir Portraits und spontan das, was uns vor die Linse kommt und uns inspiriert.</p>
<p style="text-align: left;">Wieder zu Hause entstehen dann Reiseberichte, Fotogalerien und Fotobücher.</p>
<p style="text-align: right;">Kommt mit auf eine Bilderreportage&#8230;!</p>

<p>Die Augen der Fotografen gehören zu Jürgen und Susanne Mit unseren analogen und digitalen Kameras KIEV 88CM, Canon EOS 1D und Canon EOS 70D und diversem Zubehören reisen wir durch die nahe und die weite Welt. Neben der Landschaft fotografieren wir Portraits und spontan das, was uns vor die Linse kommt und uns inspiriert. Wieder [&hellip;]</p>
